ctors of 50752127.
50752127
What are the prime factors of 10625304?
2, 3, 442721
What are the prime factors of 40345742?
2, 2203, 9157
List the prime factors of 15850255.
5, 3170051
What are the prime factors of 1283788546?
2, 191, 3360703
List the prime factors of 78404471.
78404471
List the prime factors of 158898978.
2, 3, 7, 229, 5507
What are the prime factors of 174640289?
7477, 23357
List the prime factors of 51590939.
6317, 8167
What are the prime factors of 308885260?
2, 5, 79, 195497
What are the prime factors of 299652770?
2, 5, 29965277
What are the prime factors of 18295492?
2, 4573873
What are the prime factors of 338681455?
5, 7, 61, 158633
List the prime factors of 4972042107.
3, 61, 521, 17383
List the prime factors of 96655152.
2, 3, 11, 183059
List the prime factors of 578508388.
2, 97, 1491001
List the prime factors of 6319363090.
2, 5, 233, 2712173
List the prime factors of 181515486.
2, 3, 30252581
List the prime factors of 142574034.
2, 3, 29, 819391
What are the prime factors of 275587378?
2, 11, 281, 44579
What are the prime factors of 8005059361?
13, 599, 1028003
List the prime factors of 3331873356.
2, 3, 7, 39665159
List the prime factors of 715425818.
2, 2801, 127709
List the prime factors of 492755403.
3, 7, 23464543
List the prime factors of 1595931019.
1595931019
List the prime factors of 725349271.
233, 3113087
List the prime factors of 2378097314.
2, 5791, 205327
What are the prime factors of 200440959?
3, 199, 335747
List the prime factors of 61669283.
13, 29, 12583
What are the prime factors of 1703130383?
191, 8916913
What are the prime factors of 450479316?
2, 3, 7, 181, 29629
List the prime factors of 632354705.
5, 126470941
List the prime factors of 20056986.
2, 3, 67, 16631
What are the prime factors of 648247858?
2, 324123929
List the prime factors of 35674628.
2, 11, 19, 139, 307
List the prime factors of 5788858.
2, 701, 4129
What are the prime factors of 449330948?
2, 11, 509, 20063
What are the prime factors of 30128891?
13, 41, 56527
What are the prime factors of 722127019?
59, 12239441
List the prime factors of 1749794628.
2, 3, 31, 947, 4967
What are the prime factors of 78291633?
3, 7, 3728173
List the prime factors of 2739375583.
7, 29, 13494461
List the prime factors of 23911115.
5, 4782223
What are the prime factors of 609980807?
19, 32104253
List the prime factors of 1654935064.
2, 89, 409, 5683
What are the prime factors of 195389991?
3, 23, 943913
List the prime factors of 3278636136.
2, 3, 31, 43, 59, 193
What are the prime factors of 22376651?
11, 101, 1831
What are the prime factors of 38909196?
2, 3, 1080811
What are the prime factors of 11614006?
2, 139, 41777
List the prime factors of 101674755.
3, 5, 7, 13, 3547
What are the prime factors of 748120659?
3, 11, 13, 1743871
List the prime factors of 1108182582.
2, 3, 13, 4735823
What are the prime factors of 768460340?
2, 5, 47, 103, 7937
What are the prime factors of 1522793292?
2, 3, 17, 23, 491, 661
List the prime factors of 45548044.
2, 1471, 7741
List the prime factors of 665251777.
67, 2069, 4799
What are the prime factors of 91076267?
463, 196709
List the prime factors of 4191426964.
2, 1047856741
What are the prime factors of 480848203?
11, 5881, 7433
What are the prime factors of 93183423?
3, 79, 569, 691
List the prime factors of 299300154.
2, 3, 131, 193, 1973
What are the prime factors of 5069183?
7, 487, 1487
List the prime factors of 81327270.
2, 3, 5, 2710909
List the prime factors of 517316404.
2, 11, 47, 250153
What are the prime factors of 145364877?
3, 7, 19, 121441
List the prime factors of 155785120.
2, 5, 973657
List the prime factors of 1078238971.
1078238971
List the prime factors of 43054870.
2, 5, 67, 179, 359
What are the prime factors of 3110970298?
2, 7219, 215471
List the prime factors of 277853635.
5, 55570727
List the prime factors of 112784924.
2, 7, 2003, 2011
What are the prime factors of 362498387?
362498387
List the prime factors of 2556739313.
19, 6173, 21799
List the prime factors of 38967072.
2, 3, 71, 5717
List the prime factors of 672468649.
2441, 275489
What are the prime factors of 281409409?
59, 61, 78191
List the prime factors of 133591744.
2, 11, 13, 1327
What are the prime factors of 1006540326?
2, 3, 11, 5083537
List the prime factors of 3104369658.
2, 3, 13, 349, 12671
What are the prime factors of 91371452?
2, 41, 131, 4253
What are the prime factors of 109657670?
2, 5, 10965767
List the prime factors of 73363769.
19, 3861251
List the prime factors of 258067098.
2, 3, 1933, 7417
List the prime factors of 1066208315.
5, 571, 373453
List the prime factors of 88990261.
79, 1126459
What are the prime factors of 292186715?
5, 58437343
What are the prime factors of 658855387?
658855387
List the prime factors of 162315067.
43, 3774769
List the prime factors of 2136954605.
5, 19, 22494259
List the prime factors of 58399389.
3, 2357, 2753
List the prime factors of 5372562.
2, 3, 13, 68879
What are the prime factors of 492589570?
2, 5, 11, 4478087
List the prime factors of 411619987.
179, 2299553
What are the prime factors of 38237177?
11, 19, 182953
List the prime factors of 2883138955.
5, 576627791
What are the prime factors of 121801775?
5, 41, 118831
List the prime factors of 12594655.
5, 53, 47527
What are the prime factors of 2972931744?
2, 3, 31, 998969
What are the prime factors of 477501866?
2, 31, 7701643
List the prime factors of 64345703.
113, 569431
What are the prime factors of 351692648?
2, 67, 167, 3929
What are the prime factors of 9047846?
2, 31, 145933
List the prime factors of 69613140.
2, 3, 5, 1160219
What are the prime factors of 353063950?
2, 5, 7061279
List the prime factors of 195437133.
3, 73, 297469
What are the prime factors of 269220766?
2, 19, 7084757
What are the prime factors of 335623117?
881, 380957
What are the prime factors of 1239791523?
3, 37, 43, 259751
What are the prime factors of 171286111?
171286111
What are the prime factors of 51915573?
3, 640933
What are the prime factors of 242104225?
5, 11, 17, 51787
List the prime factors of 389882750.
2, 5, 1559531
List the prime factors of 2441912488.
2, 73, 4181357
What are the prime factors of 2019690151?
17, 167, 711409
List the prime factors of 216158839.
13, 19, 89, 9833
List the prime factors of 2749448187.
3, 31, 9854653
List the prime factors of 281335794.
2, 3, 46889299
List the prime factors of 2266218605.
5, 7, 64749103
What are the prime factors of 5347250644?
2, 811, 881, 1871
List the prime factors of 2406108020.
2, 5, 67, 1795603
What are the prime factors of 86532215?
5, 7, 11, 224759
List the prime factors of 444970127.
7, 185327
What are the prime factors of 6095975121?
3, 677330569
What are the prime factors of 13912624?
2, 11, 137, 577
What are the prime factors of 40961544?
2, 3, 13, 10099
What are the prime factors of 37405819?
11, 97, 3187
List the prime factors of 149526235.
5, 29905247
List the prime factors of 27518632.
2, 3439829
What are the prime factors of 309015099?
3, 31, 1107581
What are the prime factors of 173604214?
2, 7, 431, 28771
List the prime factors of 115283201.
11, 10480291
List the prime factors of 1684653669.
3, 719, 260339
What are the prime factors of 2548638568?
2, 7, 19, 342191
What are the prime factors of 2365306764?
2, 3, 17, 11594641
List the prime factors of 904151167.
904151167
What are the prime factors of 140747247?
3, 5212861
List the prime factors of 15606580.
2, 5, 11, 6449
What are the prime factors of 20238021?
3, 19, 6229
What are the prime factors of 210614770?
2, 5, 21061477
What are the prime factors of 34119813?
3, 7, 13, 124981
List the prime factors of 182891843.
67, 2729729
List the prime factors of 73701836.
2, 13, 19, 74597
What are the prime factors of 15911879?
15911879
List the prime factors of 19522227.
3, 109, 227, 263
What are the prime factors of 7061188545?
3, 5, 521, 301181
What are the prime factors of 4143635165?
5, 17, 48748649
What are the prime factors of 5004671843?
5004671843
List the prime factors of 42630586.
2, 37, 576089
List the prime factors of 3385647762.
2, 3, 7, 80610661
What are the prime factors of 3271349387?
3271349387
What are the prime factors of 5523555433?
11, 1811, 277273
What are the prime factors o